w(f) be the second derivative of f**6/720 + f**5/20 + 7*f**4/3 - 3*f. Let o(q) be the third derivative of w(q). What is o(g)?
6
Let y be ((-84)/378)/(1/(-9)). Let j(h) = -h + 2*h**2 + 7 - 8*h + h**3 + 3*h + 7*h + 4*h**y. What is j(-5)?
27
Let u(a) be the second derivative of -13*a**4/12 - a**3/6 - a**2/2 + a. Suppose -11*i + d - 13 = -7*i, 0 = 2*i - 2*d + 8. Let l be i/5 - 8/20. Calculate u(l).
-13
Suppose -6*v + 1 = -5. Let o be v + -4 + (1 - 1). Let p be (-38)/6 + o/(-9). Let u(a) = -a**2 - 7*a - 7. Calculate u(p).
-1
Let v = 61 - -53. Suppose -13*j = v - 49. Let o(p) = -p**2 + 2*p + 3. Give o(j).
-32
Let h(k) = 8*k**2 - 14*k + 32. Let a(i) = -5*i**2 + 7*i - 16. Let l(t) = -5*a(t) - 3*h(t). Let m be (-1190)/110 + (-2)/11. Calculate l(m).
28
Let n(q) be the second derivative of 11*q**3/6 + q**2/2 - 17*q + 5. Suppose -3*t = 6 - 9. Calculate n(t).
12
Let w = 302 - 290. Let s be (-6 - (-100)/15)*w. Let j(z) = z**2 - 8*z - 3. Give j(s).
-3
Let q(d) = -2 + 8*d + 1 + d**3 - 1 + 7*d**2. Suppose -2*o - o + 4*u = 58, -22 = -3*o - 4*u. What is q(o)?
-14
Let f(z) = z**2 - 2*z + 3. Let u(d) = -d**2 + 3*d - 4. Let m be -3 + (-41)/(-13) + (-270)/65. Let p(g) = m*u(g) - 3*f(g). What is p(5)?
2
Let n(v) = v**3 - 6*v**2 - v - 8. Let h be (492/1148)/(6/70). Calculate n(h).
-38
Let f(y) = -y**3 - 13*y**2 - 16*y - 28. Let r(p) = -23*p - 3669. Let g be r(-159). Calculate f(g).
20
Suppose -27*r - 55 = -22*r. Let f(n) = -n**2 - 5*n - 2. Let t(q) = 6*q**2 + 26*q + 10. Let b(o) = r*f(o) - 2*t(o). Give b(3).
2
Let b(h) = 3*h. Let g(f) = -32*f - 7. Let r(a) = -8*b(a) - g(a). What is r(-4)?
-25
Let n(b) = -3*b**2 + 9*b + 14. Let u(h) be the first derivative of 2*h**3/3 - h**2/2 - 2*h - 18. Let j(l) = n(l) + 2*u(l). Determine j(-9).
28
Let w(v) be the third derivative of v**4/6 + v**3/6 - 55*v**2. Let g = 21 - 17. Suppose -g = z - 5*z. Determine w(z).
5
Let y(n) be the second derivative of n**4/12 + 5*n. Let v = -215 - -106. Let p = v - -108. Give y(p).
1
Let g(n) = -3*n + 4. Let k(i) = i**2 + 6*i + 8. Let x be k(-4). Suppose 0 = 3*l - 0*l - 5*c - 46, x = l - 2*c - 17. Determine g(l).
-17
Let x = 78 - 73. Suppose -x*z = 4*z - 99. Let y(i) = 6*i - i**3 - 3 + 5 + 2 + 6*i - z*i**2. Give y(-12).
4
Let c(a) = -a**2 + 3*a + 2. Let h(r) = -5*r**2 + 16*r + 13. Let v(k) = 6*c(k) - h(k). Suppose j = -3 + 9. Let x = j + -3. Determine v(x).
-4
Let d(p) = 5*p - 3. Let j(z) = 273*z - 143. Let m(a) = -52*d(a) + j(a). Give m(7).
104
Let q = -569 + 574. Let z(r) be the third derivative of 1/3*r**3 - 1/4*r**4 - 2*r**2 + 0*r + 0 + 1/60*r**5. Give z(q).
-3
Suppose d + 143 = -2*g + 108, 520 = -4*d - 28*g. Let n(m) = -3*m**3 + 2*m**2 - m**2 + 2*m**3 - m. Determine n(d).
-21
Let a(l) be the third derivative of l**4/24 - l**3 + 80*l**2. Let s be a(10). Let p(q) = q**3 - 5*q**2 + 1. Determine p(s).
-15
Let r = -199 + 218. Let v(y) = r - 21 - y**2 - 8*y - 6. Give v(-9).
-17
Suppose h - 12 = -2*h. Suppose 8*z = 11*z - 4*p - 235, -4*z + 300 = -2*p. Let d(u) = z*u - 149*u + 72*u - 3. Calculate d(h).
-19
Let a(f) be the second derivative of f**5/20 - f**4/2 - 2*f**3/3 - 6*f**2 + 4*f + 1. Calculate a(6).
-36
Let m(c) = c**3 - 2*c**2 - 4*c + 3. Let z(t) = t**2 - 6*t - 14. Let b be z(8). Let d be (8/(-16))/(b/(-12)). Give m(d).
0
Let n = -28 - 27. Let i = -31 - n. Let r = i - 25. Let a(y) = -10*y**2 - 1. Give a(r).
-11
Let o(i) = 59*i - 121*i + i**2 + 10 + 68*i. Let d be (-20)/(-300)*-69 + (-3)/(-5). Determine o(d).
2
Let d be 6/(-8)*(-36)/9. Let y(z) = 5*z**2 - 3*z**d + 7*z + 5 - z**3 + 4*z**2 + 5*z**3. What is y(-8)?
13
Let g(a) = a**3 + 8*a**2 + 10*a + 6. Let q(o) = o + 26. Suppose t - 16 = 3*t. Let x be q(t). Let m be x/117 + 160/(-26). Give g(m).
18
Let r(m) = 0*m - 1 + m**2 + 0 + 5*m. Suppose 4*g + z - 8 = 5*g, -3*g + 16 = 5*z. Let h be (-1 - g/2)*(-75 - -63). Give r(h).
5
Let a(u) be the third derivative of -u**5/60 - 11*u**4/24 + 7*u**3/3 - 2*u**2. Suppose x = 3*n + 36, -4*n + 3*x - 57 - 1 = 0. What is a(n)?
24
Let d = -50 + 9. Let h = d + 44. Let t(i) = -3 + 72*i**2 - 4 - 8*i - 2*i**3 + i**h - 78*i**2. Give t(-5).
8
Suppose -4*b = -2 - 10. Suppose 2*j + b*j = -5. Let r(c) = -2*c**2. Calculate r(j).
-2
Suppose -2*y + 2 = -4*r + 16, r - y - 5 = 0. Let h(a) = 181*a**r - 94*a**2 - 88*a**2 + 7*a + 12. Calculate h(9).
-6
Let k(z) = -36*z - 210. Let q(i) = i**3 - 62*i**2 + 123*i - 186. Let j be q(60). What is k(j)?
6
Let u(w) = 2*w**3 - w**2 + 2*w + 1. Let n(l) = -11*l**3 + 7*l**2 - 17*l - 10. Let b(t) = n(t) + 6*u(t). Determine b(3).
17
Let p be 292*(-4)/8 + (-4 - 2). Let f = -158 - p. Let l(n) = 3*n**2 + 19*n + 4. Calculate l(f).
-2
Let q(p) = p**2 - p + 2. Let y(u) = u**3 + 4*u**2 - 5*u - 9. Let i(k) = -3*k + 1. Let z be i(2). Let a be y(z). Let d be -4*a/6*(-1)/(-2). Give q(d).
8
Let d(c) be the third derivative of -c**5/60 - 2*c**4/3 + c**3 + c**2 - 3603. Give d(-12).
54
Let r(q) = -q - 1. Let k be r(-19). Suppose 0*g + 5*b = -g + k, -3 = 4*g - 5*b. Let s(p) = 2*p**2 - 7*p**2 - g*p + 2*p**3 + 2 + 3*p**2 + 0*p**3. What is s(2)?
4
Let j(y) = -y**3 + 8*y**2 + 5*y + 1. Let t be (32 - 0)*(12 + 1128/(-96)). What is j(t)?
41
Let f(z) = z**3 + 7*z**2 + 11*z + 33. Let b = -7961 + 7955. Determine f(b).
3
Let d(a) = -25 + 165 + 3*a - 134. Let r(t) = -t**2 + 9. Let p be r(-4). What is d(p)?
-15
Let z(r) be the first derivative of -7*r**2/2 + 7*r + 177. Give z(-6).
49
Let m(v) = 1 - 2 + 3 - 3*v - v. Let i(z) = 4*z**2 + 24*z + 18. Let r(a) = 5*a**2 + 25*a + 18. Let h(w) = 7*i(w) - 6*r(w). Let b be h(10). What is m(b)?
10
Let u(k) = -6*k - 5. Let l(v) = -5*v - 4. Let o(j) = -3*l(j) + 2*u(j). Let f be o(1). Let w(r) = 16*r - 8*r - 5*r - 7. Determine w(f).
8
Let l(j) = 13*j**3 + 4*j**2 + 12*j - 81. Let w(c) = -11*c**3 - 3*c**2 - 6*c + 81. Let h(m) = -6*l(m) - 7*w(m). What is h(-3)?
9
Let s(y) = -y**2 + 4*y + 1. Suppose -39*m = -36*m - 9. Let u be (5/2 - (-4)/8)*m. Suppose u*z + 21 = 16*z. Calculate s(z).
4
Let d(k) be the first derivative of 7/2*k**2 - 210 - 5*k - 2/3*k**3. Give d(4).
-9
Let z be (9/2 - (12 + -9))*2. Suppose 8*b - z*b - 20 = 0. Suppose 2*f = c + 6, -5*c - b*f = 1 + 15. Let g(t) = -t**2 - 2*t - 1. Determine g(c).
-9
Let q = -33 - -35. Let l be -1 - q/(-6) - 22/(-33). Let h(w) = 4*w**2 + 1 - 5*w**2 + 3. Determine h(l).
4
Let p be -1*1 - (-12)/4. Let s(b) = -8*b + 1 + 0*b + b - 8*b + 24*b. What is s(p)?
19
Let v(i) = 5*i**2 - 41*i - 57. Let q(w) = 2*w**2 - 14*w - 20. Let h(j) = 8*q(j) - 3*v(j). Determine h(-6).
-19
Let i(s) = 3*s**3 + 32*s**2 - 8*s. Let l(w) = 2*w**3 + 21*w**2 - 5*w. Let q(c) = 5*i(c) - 8*l(c). Suppose -p = 2*d + 16, -22*p + 40 = -5*d - 24*p. Give q(d).
0
Let g(z) = 5*z**2 + 5*z - 3. Let a(q) = -6*q**2 - 6*q + 4. Let x(l) = -2*a(l) - 3*g(l). Suppose 11 = -11*j + 6*j + t, -3*j - 3*t = 3. Calculate x(j).
-5
Let l(m) = m**2 - 5*m + 3. Let c(k) = 14*k**2 - 5*k - 14*k**2 + k**2 + 4. Let p(j) = 2*c(j) - 3*l(j). Calculate p(6).
-7
Let z = 27 + 5. Let v(l) = 17 - l - z + 17. Let a(q) = q**3 + 2*q**2 + 2*q + 1. Let x be a(-1). Determine v(x).
2
Let s(l) = 11*l - 44. Let r = 1898 + -1894. Give s(r).
0
Let y(g) be the first derivative of 7*g + 9/2*g**2 - 1/3*g**3 + 200. Determine y(10).
-3
Let l(a) be the second derivative of a**5/20 + 7*a**4/12 + a**3 - 7*a**2/2 + a. Suppose 350 + 500 = -17*k. Let d be 2/8 - k/(-8). Determine l(d).
-7
Let j be (-54)/(-8) - (-5 - 114/(-24)). Let x(n) = -5*n + 30. Calculate x(j).
-5
Let x be (2 + (-7)/3)/(30/(-180)). Suppose -3 + 1 = -2*i. Let v = i - x. Let q(p) = 6*p**3 + 2*p**2 - 1. What is q(v)?
-5
Let i be (12 + -16)*(-2)/(-4) + 4. Suppose -i*o - 1 = -d + 2*o, 2*o + 18 = -2*d. Let z(j) = -j**2 - 11*j - 22. What is z(d)?
6
Let q(w) be the third derivative of w**4/6 + 38*w**3/3 + 2*w**2 - 19*w + 2. Give q(-6).
52
Let y(k) = 143 + 145 - 433 + k + 141. Suppose 20 + 13 = l. Suppose -3*f + 33 = -4*a - 6, 0 = -3*a + 3*f - l. Determine y(a).
-10
Let r(q) = 6*q**2 - 6*q + 3. Let b be 208/(-130)*(20/(-32))/((-3)/(-12)). Calculate r(b).
75
Let w(z) = 3*z**3 + 4*z**2 + z + 2. Let u = -276 - -293. Suppose 0 = -u*n + 22*n + 10. What is w(n)?
-8
Let f(m) = -2*m**2 + 4*m + 9. Let s = -4231 + 4237. Give f(s).
-39
Suppose -5*h = -5*t, -4*h + 6 = -3*h + t. Let w(f) = -h + f + 9*f - 3 - 7*f. Let q = -7 - -11. Give w(q).
6
Let o = 643 + -687. Let g = -18 - 30. Let d = o -